{"id":7273,"date":"2016-10-30T21:17:52","date_gmt":"2016-10-30T20:17:52","guid":{"rendered":"http:\/\/www.mgv-imhausen.de\/?page_id=7273"},"modified":"2016-11-06T13:27:29","modified_gmt":"2016-11-06T12:27:29","slug":"musik","status":"publish","type":"page","link":"https:\/\/www.mgv-imhausen.de\/?page_id=7273","title":{"rendered":"Konzert 2016"},"content":{"rendered":"<audio class=\"wp-audio-shortcode\" id=\"audio-7273-1\" preload=\"none\" style=\"width: 100%;\" controls=\"controls\"><source type=\"audio\/mpeg\" src=\"http:\/\/www.mgv-imhausen.de\/wp-content\/uploads\/2016\/10\/Gloria-MGV-Imhausen1.mp3?_=1\" \/><a href=\"http:\/\/www.mgv-imhausen.de\/wp-content\/uploads\/2016\/10\/Gloria-MGV-Imhausen1.mp3\">http:\/\/www.mgv-imhausen.de\/wp-content\/uploads\/2016\/10\/Gloria-MGV-Imhausen1.mp3<\/a><\/audio>\n<audio class=\"wp-audio-shortcode\" id=\"audio-7273-2\" preload=\"none\" style=\"width: 100%;\" controls=\"controls\"><source type=\"audio\/mpeg\" src=\"http:\/\/www.mgv-imhausen.de\/wp-content\/uploads\/2016\/10\/Wandrin-Star-MGV-Imhausen1.mp3?_=2\" \/><a href=\"http:\/\/www.mgv-imhausen.de\/wp-content\/uploads\/2016\/10\/Wandrin-Star-MGV-Imhausen1.mp3\">http:\/\/www.mgv-imhausen.de\/wp-content\/uploads\/2016\/10\/Wandrin-Star-MGV-Imhausen1.mp3<\/a><\/audio>\n<audio class=\"wp-audio-shortcode\" id=\"audio-7273-3\" preload=\"none\" style=\"width: 100%;\" controls=\"controls\"><source type=\"audio\/mpeg\" src=\"http:\/\/www.mgv-imhausen.de\/wp-content\/uploads\/2016\/10\/Hohe-Tannen-MGV-Imhausen1.mp3?_=3\" \/><a href=\"http:\/\/www.mgv-imhausen.de\/wp-content\/uploads\/2016\/10\/Hohe-Tannen-MGV-Imhausen1.mp3\">http:\/\/www.mgv-imhausen.de\/wp-content\/uploads\/2016\/10\/Hohe-Tannen-MGV-Imhausen1.mp3<\/a><\/audio>\n<audio class=\"wp-audio-shortcode\" id=\"audio-7273-4\" preload=\"none\" style=\"width: 100%;\" controls=\"controls\"><source type=\"audio\/mpeg\" src=\"http:\/\/www.mgv-imhausen.de\/wp-content\/uploads\/2016\/10\/Der-Kaktus-MGV-Imhausen1.mp3?_=4\" \/><a href=\"http:\/\/www.mgv-imhausen.de\/wp-content\/uploads\/2016\/10\/Der-Kaktus-MGV-Imhausen1.mp3\">http:\/\/www.mgv-imhausen.de\/wp-content\/uploads\/2016\/10\/Der-Kaktus-MGV-Imhausen1.mp3<\/a><\/audio>\n<audio class=\"wp-audio-shortcode\" id=\"audio-7273-5\" preload=\"none\" style=\"width: 100%;\" controls=\"controls\"><source type=\"audio\/mpeg\" src=\"http:\/\/www.mgv-imhausen.de\/wp-content\/uploads\/2016\/10\/Universum-Gem-Imhausen1.mp3?_=5\" \/><a href=\"http:\/\/www.mgv-imhausen.de\/wp-content\/uploads\/2016\/10\/Universum-Gem-Imhausen1.mp3\">http:\/\/www.mgv-imhausen.de\/wp-content\/uploads\/2016\/10\/Universum-Gem-Imhausen1.mp3<\/a><\/audio>\n<audio class=\"wp-audio-shortcode\" id=\"audio-7273-6\" preload=\"none\" style=\"width: 100%;\" controls=\"controls\"><source type=\"audio\/mpeg\" src=\"http:\/\/www.mgv-imhausen.de\/wp-content\/uploads\/2016\/10\/\u00c3\u0153ber-sieben-Br\u00c3\u00bccken-Gem.-Imhausen1.mp3?_=6\" \/><a href=\"http:\/\/www.mgv-imhausen.de\/wp-content\/uploads\/2016\/10\/\u00c3\u0153ber-sieben-Br\u00c3\u00bccken-Gem.-Imhausen1.mp3\">http:\/\/www.mgv-imhausen.de\/wp-content\/uploads\/2016\/10\/\u00c3\u0153ber-sieben-Br\u00c3\u00bccken-Gem.-Imhausen1.mp3<\/a><\/audio>\n<audio class=\"wp-audio-shortcode\" id=\"audio-7273-7\" preload=\"none\" style=\"width: 100%;\" controls=\"controls\"><source type=\"audio\/mpeg\" src=\"http:\/\/www.mgv-imhausen.de\/wp-content\/uploads\/2016\/10\/Kein-sch\u00c3\u00b6ner-Land-Gem-Imhausen1.mp3?_=7\" \/><a href=\"http:\/\/www.mgv-imhausen.de\/wp-content\/uploads\/2016\/10\/Kein-sch\u00c3\u00b6ner-Land-Gem-Imhausen1.mp3\">http:\/\/www.mgv-imhausen.de\/wp-content\/uploads\/2016\/10\/Kein-sch\u00c3\u00b6ner-Land-Gem-Imhausen1.mp3<\/a><\/audio>\n<audio class=\"wp-audio-shortcode\" id=\"audio-7273-8\" preload=\"none\" style=\"width: 100%;\" controls=\"controls\"><source type=\"audio\/mpeg\" src=\"http:\/\/www.mgv-imhausen.de\/wp-content\/uploads\/2016\/10\/Hallelujah-Gem-Imhausen1.mp3?_=8\" \/><a href=\"http:\/\/www.mgv-imhausen.de\/wp-content\/uploads\/2016\/10\/Hallelujah-Gem-Imhausen1.mp3\">http:\/\/www.mgv-imhausen.de\/wp-content\/uploads\/2016\/10\/Hallelujah-Gem-Imhausen1.mp3<\/a><\/audio>\n<audio class=\"wp-audio-shortcode\" id=\"audio-7273-9\" preload=\"none\" style=\"width: 100%;\" controls=\"controls\"><source type=\"audio\/mpeg\" src=\"http:\/\/www.mgv-imhausen.de\/wp-content\/uploads\/2016\/11\/Hallelujah-2-Gem-Imhausen.mp3?_=9\" \/><a href=\"http:\/\/www.mgv-imhausen.de\/wp-content\/uploads\/2016\/11\/Hallelujah-2-Gem-Imhausen.mp3\">http:\/\/www.mgv-imhausen.de\/wp-content\/uploads\/2016\/11\/Hallelujah-2-Gem-Imhausen.mp3<\/a><\/audio>\n<p>&#8212;&#8212;<\/p>\n<audio class=\"wp-audio-shortcode\" id=\"audio-7273-10\" preload=\"none\" style=\"width: 100%;\" controls=\"controls\"><source type=\"audio\/mpeg\" src=\"http:\/\/www.mgv-imhausen.de\/wp-content\/uploads\/2016\/10\/Es-haben-zwei-Bl\u00c3\u00bcmlein-MGV-Hamm-\u00c3\u2013ttershagen.mp3?_=10\" \/><a href=\"http:\/\/www.mgv-imhausen.de\/wp-content\/uploads\/2016\/10\/Es-haben-zwei-Bl\u00c3\u00bcmlein-MGV-Hamm-\u00c3\u2013ttershagen.mp3\">http:\/\/www.mgv-imhausen.de\/wp-content\/uploads\/2016\/10\/Es-haben-zwei-Bl\u00c3\u00bcmlein-MGV-Hamm-\u00c3\u2013ttershagen.mp3<\/a><\/audio>\n<audio class=\"wp-audio-shortcode\" id=\"audio-7273-11\" preload=\"none\" style=\"width: 100%;\" controls=\"controls\"><source type=\"audio\/mpeg\" src=\"http:\/\/www.mgv-imhausen.de\/wp-content\/uploads\/2016\/10\/London-Air-MGV-Hamm-\u00c3\u2013ttershagen.mp3?_=11\" \/><a href=\"http:\/\/www.mgv-imhausen.de\/wp-content\/uploads\/2016\/10\/London-Air-MGV-Hamm-\u00c3\u2013ttershagen.mp3\">http:\/\/www.mgv-imhausen.de\/wp-content\/uploads\/2016\/10\/London-Air-MGV-Hamm-\u00c3\u2013ttershagen.mp3<\/a><\/audio>\n<audio class=\"wp-audio-shortcode\" id=\"audio-7273-12\" preload=\"none\" style=\"width: 100%;\" controls=\"controls\"><source type=\"audio\/mpeg\" src=\"http:\/\/www.mgv-imhausen.de\/wp-content\/uploads\/2016\/10\/All-die-sch\u00c3\u00b6nen-Jahre-MGV-Hamm-\u00c3\u2013ttershagen.mp3?_=12\" \/><a href=\"http:\/\/www.mgv-imhausen.de\/wp-content\/uploads\/2016\/10\/All-die-sch\u00c3\u00b6nen-Jahre-MGV-Hamm-\u00c3\u2013ttershagen.mp3\">http:\/\/www.mgv-imhausen.de\/wp-content\/uploads\/2016\/10\/All-die-sch\u00c3\u00b6nen-Jahre-MGV-Hamm-\u00c3\u2013ttershagen.mp3<\/a><\/audio>\n<audio class=\"wp-audio-shortcode\" id=\"audio-7273-13\" preload=\"none\" style=\"width: 100%;\" controls=\"controls\"><source type=\"audio\/mpeg\" src=\"http:\/\/www.mgv-imhausen.de\/wp-content\/uploads\/2016\/10\/Heimweh-MGV-Hamm-\u00c3\u2013ttershagen.mp3?_=13\" \/><a href=\"http:\/\/www.mgv-imhausen.de\/wp-content\/uploads\/2016\/10\/Heimweh-MGV-Hamm-\u00c3\u2013ttershagen.mp3\">http:\/\/www.mgv-imhausen.de\/wp-content\/uploads\/2016\/10\/Heimweh-MGV-Hamm-\u00c3\u2013ttershagen.mp3<\/a><\/audio>\n<p>&#8212;&#8212;<\/p>\n<audio class=\"wp-audio-shortcode\" id=\"audio-7273-14\" preload=\"none\" style=\"width: 100%;\" controls=\"controls\"><source type=\"audio\/mpeg\" src=\"http:\/\/www.mgv-imhausen.de\/wp-content\/uploads\/2016\/10\/Irischer-Segen-Gem-Steimel.mp3?_=14\" \/><a href=\"http:\/\/www.mgv-imhausen.de\/wp-content\/uploads\/2016\/10\/Irischer-Segen-Gem-Steimel.mp3\">http:\/\/www.mgv-imhausen.de\/wp-content\/uploads\/2016\/10\/Irischer-Segen-Gem-Steimel.mp3<\/a><\/audio>\n<audio class=\"wp-audio-shortcode\" id=\"audio-7273-15\" preload=\"none\" style=\"width: 100%;\" controls=\"controls\"><source type=\"audio\/mpeg\" src=\"http:\/\/www.mgv-imhausen.de\/wp-content\/uploads\/2016\/10\/Mondlicht-Gem-Steimel.mp3?_=15\" \/><a href=\"http:\/\/www.mgv-imhausen.de\/wp-content\/uploads\/2016\/10\/Mondlicht-Gem-Steimel.mp3\">http:\/\/www.mgv-imhausen.de\/wp-content\/uploads\/2016\/10\/Mondlicht-Gem-Steimel.mp3<\/a><\/audio>\n<audio class=\"wp-audio-shortcode\" id=\"audio-7273-16\" preload=\"none\" style=\"width: 100%;\" controls=\"controls\"><source type=\"audio\/mpeg\" src=\"http:\/\/www.mgv-imhausen.de\/wp-content\/uploads\/2016\/10\/Mackie-Messer-Gem-Steimel.mp3?_=16\" \/><a href=\"http:\/\/www.mgv-imhausen.de\/wp-content\/uploads\/2016\/10\/Mackie-Messer-Gem-Steimel.mp3\">http:\/\/www.mgv-imhausen.de\/wp-content\/uploads\/2016\/10\/Mackie-Messer-Gem-Steimel.mp3<\/a><\/audio>\n<audio class=\"wp-audio-shortcode\" id=\"audio-7273-17\" preload=\"none\" style=\"width: 100%;\" controls=\"controls\"><source type=\"audio\/mpeg\" src=\"http:\/\/www.mgv-imhausen.de\/wp-content\/uploads\/2016\/10\/Muss-i-denn-Gem-Steimel.mp3?_=17\" \/><a href=\"http:\/\/www.mgv-imhausen.de\/wp-content\/uploads\/2016\/10\/Muss-i-denn-Gem-Steimel.mp3\">http:\/\/www.mgv-imhausen.de\/wp-content\/uploads\/2016\/10\/Muss-i-denn-Gem-Steimel.mp3<\/a><\/audio>\n<p>&#8212;&#8212;<\/p>\n<audio class=\"wp-audio-shortcode\" id=\"audio-7273-18\" preload=\"none\" style=\"width: 100%;\" controls=\"controls\"><source type=\"audio\/mpeg\" src=\"http:\/\/www.mgv-imhausen.de\/wp-content\/uploads\/2016\/10\/Sch\u00c3\u00b6ne-Nacht-Chorgem-Hurst.mp3?_=18\" \/><a href=\"http:\/\/www.mgv-imhausen.de\/wp-content\/uploads\/2016\/10\/Sch\u00c3\u00b6ne-Nacht-Chorgem-Hurst.mp3\">http:\/\/www.mgv-imhausen.de\/wp-content\/uploads\/2016\/10\/Sch\u00c3\u00b6ne-Nacht-Chorgem-Hurst.mp3<\/a><\/audio>\n<audio class=\"wp-audio-shortcode\" id=\"audio-7273-19\" preload=\"none\" style=\"width: 100%;\" controls=\"controls\"><source type=\"audio\/mpeg\" src=\"http:\/\/www.mgv-imhausen.de\/wp-content\/uploads\/2016\/10\/Mein-M\u00c3\u00a4dchen-Chorgem-Hurst.mp3?_=19\" \/><a href=\"http:\/\/www.mgv-imhausen.de\/wp-content\/uploads\/2016\/10\/Mein-M\u00c3\u00a4dchen-Chorgem-Hurst.mp3\">http:\/\/www.mgv-imhausen.de\/wp-content\/uploads\/2016\/10\/Mein-M\u00c3\u00a4dchen-Chorgem-Hurst.mp3<\/a><\/audio>\n<audio class=\"wp-audio-shortcode\" id=\"audio-7273-20\" preload=\"none\" style=\"width: 100%;\" controls=\"controls\"><source type=\"audio\/mpeg\" src=\"http:\/\/www.mgv-imhausen.de\/wp-content\/uploads\/2016\/10\/Wenn-alle-Br\u00c3\u00bcnnlein-Chorgem-Hurst.mp3?_=20\" \/><a href=\"http:\/\/www.mgv-imhausen.de\/wp-content\/uploads\/2016\/10\/Wenn-alle-Br\u00c3\u00bcnnlein-Chorgem-Hurst.mp3\">http:\/\/www.mgv-imhausen.de\/wp-content\/uploads\/2016\/10\/Wenn-alle-Br\u00c3\u00bcnnlein-Chorgem-Hurst.mp3<\/a><\/audio>\n<audio class=\"wp-audio-shortcode\" id=\"audio-7273-21\" preload=\"none\" style=\"width: 100%;\" controls=\"controls\"><source type=\"audio\/mpeg\" src=\"http:\/\/www.mgv-imhausen.de\/wp-content\/uploads\/2016\/10\/Es-zieht-ein-Lied-in-die-Welt-Chorgem-Hurst.mp3?_=21\" \/><a href=\"http:\/\/www.mgv-imhausen.de\/wp-content\/uploads\/2016\/10\/Es-zieht-ein-Lied-in-die-Welt-Chorgem-Hurst.mp3\">http:\/\/www.mgv-imhausen.de\/wp-content\/uploads\/2016\/10\/Es-zieht-ein-Lied-in-die-Welt-Chorgem-Hurst.mp3<\/a><\/audio>\n<p>&#8212;&#8212;<\/p>\n<audio class=\"wp-audio-shortcode\" id=\"audio-7273-22\" preload=\"none\" style=\"width: 100%;\" controls=\"controls\"><source type=\"audio\/mpeg\" src=\"http:\/\/www.mgv-imhausen.de\/wp-content\/uploads\/2016\/10\/Dank-sei-dir-Herr-MGV-Kausen.mp3?_=22\" \/><a href=\"http:\/\/www.mgv-imhausen.de\/wp-content\/uploads\/2016\/10\/Dank-sei-dir-Herr-MGV-Kausen.mp3\">http:\/\/www.mgv-imhausen.de\/wp-content\/uploads\/2016\/10\/Dank-sei-dir-Herr-MGV-Kausen.mp3<\/a><\/audio>\n<audio class=\"wp-audio-shortcode\" id=\"audio-7273-23\" preload=\"none\" style=\"width: 100%;\" controls=\"controls\"><source type=\"audio\/mpeg\" src=\"http:\/\/www.mgv-imhausen.de\/wp-content\/uploads\/2016\/10\/In-der-Fremde-MGV-Kausen.mp3?_=23\" \/><a href=\"http:\/\/www.mgv-imhausen.de\/wp-content\/uploads\/2016\/10\/In-der-Fremde-MGV-Kausen.mp3\">http:\/\/www.mgv-imhausen.de\/wp-content\/uploads\/2016\/10\/In-der-Fremde-MGV-Kausen.mp3<\/a><\/audio>\n<audio class=\"wp-audio-shortcode\" id=\"audio-7273-24\" preload=\"none\" style=\"width: 100%;\" controls=\"controls\"><source type=\"audio\/mpeg\" src=\"http:\/\/www.mgv-imhausen.de\/wp-content\/uploads\/2016\/10\/Abendruhe-MGV-Kausen.mp3?_=24\" \/><a href=\"http:\/\/www.mgv-imhausen.de\/wp-content\/uploads\/2016\/10\/Abendruhe-MGV-Kausen.mp3\">http:\/\/www.mgv-imhausen.de\/wp-content\/uploads\/2016\/10\/Abendruhe-MGV-Kausen.mp3<\/a><\/audio>\n<audio class=\"wp-audio-shortcode\" id=\"audio-7273-25\" preload=\"none\" style=\"width: 100%;\" controls=\"controls\"><source type=\"audio\/mpeg\" src=\"http:\/\/www.mgv-imhausen.de\/wp-content\/uploads\/2016\/10\/Roll-MGV-Kausen.mp3?_=25\" \/><a href=\"http:\/\/www.mgv-imhausen.de\/wp-content\/uploads\/2016\/10\/Roll-MGV-Kausen.mp3\">http:\/\/www.mgv-imhausen.de\/wp-content\/uploads\/2016\/10\/Roll-MGV-Kausen.mp3<\/a><\/audio>\n<p>&#8212;&#8212;<\/p>\n<audio class=\"wp-audio-shortcode\" id=\"audio-7273-26\" preload=\"none\" style=\"width: 100%;\" controls=\"controls\"><source type=\"audio\/mpeg\" src=\"http:\/\/www.mgv-imhausen.de\/wp-content\/uploads\/2016\/10\/Herr-unser-Gott-Chorgem-Au.mp3?_=26\" \/><a href=\"http:\/\/www.mgv-imhausen.de\/wp-content\/uploads\/2016\/10\/Herr-unser-Gott-Chorgem-Au.mp3\">http:\/\/www.mgv-imhausen.de\/wp-content\/uploads\/2016\/10\/Herr-unser-Gott-Chorgem-Au.mp3<\/a><\/audio>\n<audio class=\"wp-audio-shortcode\" id=\"audio-7273-27\" preload=\"none\" style=\"width: 100%;\" controls=\"controls\"><source type=\"audio\/mpeg\" src=\"http:\/\/www.mgv-imhausen.de\/wp-content\/uploads\/2016\/10\/Kumbayah-Chorgem-Au.mp3?_=27\" \/><a href=\"http:\/\/www.mgv-imhausen.de\/wp-content\/uploads\/2016\/10\/Kumbayah-Chorgem-Au.mp3\">http:\/\/www.mgv-imhausen.de\/wp-content\/uploads\/2016\/10\/Kumbayah-Chorgem-Au.mp3<\/a><\/audio>\n<audio class=\"wp-audio-shortcode\" id=\"audio-7273-28\" preload=\"none\" style=\"width: 100%;\" controls=\"controls\"><source type=\"audio\/mpeg\" src=\"http:\/\/www.mgv-imhausen.de\/wp-content\/uploads\/2016\/10\/Abendwind-Chorgem-Au.mp3?_=28\" \/><a href=\"http:\/\/www.mgv-imhausen.de\/wp-content\/uploads\/2016\/10\/Abendwind-Chorgem-Au.mp3\">http:\/\/www.mgv-imhausen.de\/wp-content\/uploads\/2016\/10\/Abendwind-Chorgem-Au.mp3<\/a><\/audio>\n<audio class=\"wp-audio-shortcode\" id=\"audio-7273-29\" preload=\"none\" style=\"width: 100%;\" controls=\"controls\"><source type=\"audio\/mpeg\" src=\"http:\/\/www.mgv-imhausen.de\/wp-content\/uploads\/2016\/10\/We-are-the-World-Chorgem-Au.mp3?_=29\" \/><a href=\"http:\/\/www.mgv-imhausen.de\/wp-content\/uploads\/2016\/10\/We-are-the-World-Chorgem-Au.mp3\">http:\/\/www.mgv-imhausen.de\/wp-content\/uploads\/2016\/10\/We-are-the-World-Chorgem-Au.mp3<\/a><\/audio>\n<p>&#8212;&#8212;<\/p>\n<audio class=\"wp-audio-shortcode\" id=\"audio-7273-30\" preload=\"none\" style=\"width: 100%;\" controls=\"controls\"><source type=\"audio\/mpeg\" src=\"http:\/\/www.mgv-imhausen.de\/wp-content\/uploads\/2016\/10\/Auf-einem-Baum-ein-Kuckuck-MGV-Weyerbusch.mp3?_=30\" \/><a href=\"http:\/\/www.mgv-imhausen.de\/wp-content\/uploads\/2016\/10\/Auf-einem-Baum-ein-Kuckuck-MGV-Weyerbusch.mp3\">http:\/\/www.mgv-imhausen.de\/wp-content\/uploads\/2016\/10\/Auf-einem-Baum-ein-Kuckuck-MGV-Weyerbusch.mp3<\/a><\/audio>\n<audio class=\"wp-audio-shortcode\" id=\"audio-7273-31\" preload=\"none\" style=\"width: 100%;\" controls=\"controls\"><source type=\"audio\/mpeg\" src=\"http:\/\/www.mgv-imhausen.de\/wp-content\/uploads\/2016\/11\/M\u00c3\u00a4nner-suchen-stets-zu-naschen-MGV-Weyerbusch.mp3?_=31\" \/><a href=\"http:\/\/www.mgv-imhausen.de\/wp-content\/uploads\/2016\/11\/M\u00c3\u00a4nner-suchen-stets-zu-naschen-MGV-Weyerbusch.mp3\">http:\/\/www.mgv-imhausen.de\/wp-content\/uploads\/2016\/11\/M\u00c3\u00a4nner-suchen-stets-zu-naschen-MGV-Weyerbusch.mp3<\/a><\/audio>\n<audio class=\"wp-audio-shortcode\" id=\"audio-7273-32\" preload=\"none\" style=\"width: 100%;\" controls=\"controls\"><source type=\"audio\/mpeg\" src=\"http:\/\/www.mgv-imhausen.de\/wp-content\/uploads\/2016\/11\/Im-Morgenschimmer-MGV-Weyerbusch.mp3?_=32\" \/><a href=\"http:\/\/www.mgv-imhausen.de\/wp-content\/uploads\/2016\/11\/Im-Morgenschimmer-MGV-Weyerbusch.mp3\">http:\/\/www.mgv-imhausen.de\/wp-content\/uploads\/2016\/11\/Im-Morgenschimmer-MGV-Weyerbusch.mp3<\/a><\/audio>\n<audio class=\"wp-audio-shortcode\" id=\"audio-7273-33\" preload=\"none\" style=\"width: 100%;\" controls=\"controls\"><source type=\"audio\/mpeg\" src=\"http:\/\/www.mgv-imhausen.de\/wp-content\/uploads\/2016\/11\/Entschuldigung-MGV-Weyerbusch.mp3?_=33\" \/><a href=\"http:\/\/www.mgv-imhausen.de\/wp-content\/uploads\/2016\/11\/Entschuldigung-MGV-Weyerbusch.mp3\">http:\/\/www.mgv-imhausen.de\/wp-content\/uploads\/2016\/11\/Entschuldigung-MGV-Weyerbusch.mp3<\/a><\/audio>\n<p>&#8212;&#8212;<\/p>\n<audio class=\"wp-audio-shortcode\" id=\"audio-7273-34\" preload=\"none\" style=\"width: 100%;\" controls=\"controls\"><source type=\"audio\/mpeg\" src=\"http:\/\/www.mgv-imhausen.de\/wp-content\/uploads\/2016\/10\/Tebje-Pojem-MGV-Niederhausen.mp3?_=34\" \/><a href=\"http:\/\/www.mgv-imhausen.de\/wp-content\/uploads\/2016\/10\/Tebje-Pojem-MGV-Niederhausen.mp3\">http:\/\/www.mgv-imhausen.de\/wp-content\/uploads\/2016\/10\/Tebje-Pojem-MGV-Niederhausen.mp3<\/a><\/audio>\n<audio class=\"wp-audio-shortcode\" id=\"audio-7273-35\" preload=\"none\" style=\"width: 100%;\" controls=\"controls\"><source type=\"audio\/mpeg\" src=\"http:\/\/www.mgv-imhausen.de\/wp-content\/uploads\/2016\/10\/Sonntag-ists-MGV-Niederhausen.mp3?_=35\" \/><a href=\"http:\/\/www.mgv-imhausen.de\/wp-content\/uploads\/2016\/10\/Sonntag-ists-MGV-Niederhausen.mp3\">http:\/\/www.mgv-imhausen.de\/wp-content\/uploads\/2016\/10\/Sonntag-ists-MGV-Niederhausen.mp3<\/a><\/audio>\n<audio class=\"wp-audio-shortcode\" id=\"audio-7273-36\" preload=\"none\" style=\"width: 100%;\" controls=\"controls\"><source type=\"audio\/mpeg\" src=\"http:\/\/www.mgv-imhausen.de\/wp-content\/uploads\/2016\/10\/Die-Rose-MGV-Niederhausen.mp3?_=36\" \/><a href=\"http:\/\/www.mgv-imhausen.de\/wp-content\/uploads\/2016\/10\/Die-Rose-MGV-Niederhausen.mp3\">http:\/\/www.mgv-imhausen.de\/wp-content\/uploads\/2016\/10\/Die-Rose-MGV-Niederhausen.mp3<\/a><\/audio>\n<audio class=\"wp-audio-shortcode\" id=\"audio-7273-37\" preload=\"none\" style=\"width: 100%;\" controls=\"controls\"><source type=\"audio\/mpeg\" src=\"http:\/\/www.mgv-imhausen.de\/wp-content\/uploads\/2016\/10\/In-der-Ferne-MGV-Niederhausen.mp3?_=37\" \/><a href=\"http:\/\/www.mgv-imhausen.de\/wp-content\/uploads\/2016\/10\/In-der-Ferne-MGV-Niederhausen.mp3\">http:\/\/www.mgv-imhausen.de\/wp-content\/uploads\/2016\/10\/In-der-Ferne-MGV-Niederhausen.mp3<\/a><\/audio>\n<p>&#8212;&#8212;<\/p>\n<audio class=\"wp-audio-shortcode\" id=\"audio-7273-38\" preload=\"none\" style=\"width: 100%;\" controls=\"controls\"><source type=\"audio\/mpeg\" src=\"http:\/\/www.mgv-imhausen.de\/wp-content\/uploads\/2016\/10\/Veni-Jesu-MGV-Busenhausen.mp3?_=38\" \/><a href=\"http:\/\/www.mgv-imhausen.de\/wp-content\/uploads\/2016\/10\/Veni-Jesu-MGV-Busenhausen.mp3\">http:\/\/www.mgv-imhausen.de\/wp-content\/uploads\/2016\/10\/Veni-Jesu-MGV-Busenhausen.mp3<\/a><\/audio>\n<audio class=\"wp-audio-shortcode\" id=\"audio-7273-39\" preload=\"none\" style=\"width: 100%;\" controls=\"controls\"><source type=\"audio\/mpeg\" src=\"http:\/\/www.mgv-imhausen.de\/wp-content\/uploads\/2016\/10\/Wer-pflanzte-die-Blumen-MGV-Busenhausen.mp3?_=39\" \/><a href=\"http:\/\/www.mgv-imhausen.de\/wp-content\/uploads\/2016\/10\/Wer-pflanzte-die-Blumen-MGV-Busenhausen.mp3\">http:\/\/www.mgv-imhausen.de\/wp-content\/uploads\/2016\/10\/Wer-pflanzte-die-Blumen-MGV-Busenhausen.mp3<\/a><\/audio>\n<audio class=\"wp-audio-shortcode\" id=\"audio-7273-40\" preload=\"none\" style=\"width: 100%;\" controls=\"controls\"><source type=\"audio\/mpeg\" src=\"http:\/\/www.mgv-imhausen.de\/wp-content\/uploads\/2016\/10\/Schifferlied-MGV-Busenhausen.mp3?_=40\" \/><a href=\"http:\/\/www.mgv-imhausen.de\/wp-content\/uploads\/2016\/10\/Schifferlied-MGV-Busenhausen.mp3\">http:\/\/www.mgv-imhausen.de\/wp-content\/uploads\/2016\/10\/Schifferlied-MGV-Busenhausen.mp3<\/a><\/audio>\n<audio class=\"wp-audio-shortcode\" id=\"audio-7273-41\" preload=\"none\" style=\"width: 100%;\" controls=\"controls\"><source type=\"audio\/mpeg\" src=\"http:\/\/www.mgv-imhausen.de\/wp-content\/uploads\/2016\/10\/Der-Wanderer-MGV-Busenhausen.mp3?_=41\" \/><a href=\"http:\/\/www.mgv-imhausen.de\/wp-content\/uploads\/2016\/10\/Der-Wanderer-MGV-Busenhausen.mp3\">http:\/\/www.mgv-imhausen.de\/wp-content\/uploads\/2016\/10\/Der-Wanderer-MGV-Busenhausen.mp3<\/a><\/audio>\n","protected":false},"excerpt":{"rendered":"<p>&#8212;&#8212; &#8212;&#8212; &#8212;&#8212; &#8212;&#8212; &#8212;&#8212; &#8212;&#8212; &#8212;&#8212; &#8212;&#8212;<\/p>\n","protected":false},"author":1,"featured_media":0,"parent":35,"menu_order":0,"comment_status":"closed","ping_status":"closed","template":"","meta":{"ngg_post_thumbnail":0,"footnotes":""},"class_list":["post-7273","page","type-page","status-publish","hentry"],"_links":{"self":[{"href":"https:\/\/www.mgv-imhausen.de\/index.php?rest_route=\/wp\/v2\/pages\/7273","targetHints":{"allow":["GET"]}}],"collection":[{"href":"https:\/\/www.mgv-imhausen.de\/index.php?rest_route=\/wp\/v2\/pages"}],"about":[{"href":"https:\/\/www.mgv-imhausen.de\/index.php?rest_route=\/wp\/v2\/types\/page"}],"author":[{"embeddable":true,"href":"https:\/\/www.mgv-imhausen.de\/index.php?rest_route=\/wp\/v2\/users\/1"}],"replies":[{"embeddable":true,"href":"https:\/\/www.mgv-imhausen.de\/index.php?rest_route=%2Fwp%2Fv2%2Fcomments&post=7273"}],"version-history":[{"count":15,"href":"https:\/\/www.mgv-imhausen.de\/index.php?rest_route=\/wp\/v2\/pages\/7273\/revisions"}],"predecessor-version":[{"id":7284,"href":"https:\/\/www.mgv-imhausen.de\/index.php?rest_route=\/wp\/v2\/pages\/7273\/revisions\/7284"}],"up":[{"embeddable":true,"href":"https:\/\/www.mgv-imhausen.de\/index.php?rest_route=\/wp\/v2\/pages\/35"}],"wp:attachment":[{"href":"https:\/\/www.mgv-imhausen.de\/index.php?rest_route=%2Fwp%2Fv2%2Fmedia&parent=7273"}],"curies":[{"name":"wp","href":"https:\/\/api.w.org\/{rel}","templated":true}]}}